{"id":543,"date":"2018-11-27T09:17:42","date_gmt":"2018-11-27T09:17:42","guid":{"rendered":"http:\/\/wnmavaliacoes.com.br\/index.php\/projects\/"},"modified":"2021-03-10T04:36:36","modified_gmt":"2021-03-10T07:36:36","slug":"projects","status":"publish","type":"page","link":"http:\/\/wnmavaliacoes.com.br\/index.php\/projects\/","title":{"rendered":"Laudos"},"content":{"rendered":"\t\t<div data-elementor-type=\"wp-post\" data-elementor-id=\"543\" class=\"elementor elementor-543\" data-elementor-settings=\"[]\">\n\t\t\t\t\t\t\t<div class=\"elementor-section-wrap\">\n\t\t\t\t\t\t\t<section class=\"elementor-section elementor-top-section elementor-element elementor-element-7ac9ca5 elementor-section-boxed elementor-section-height-default elementor-section-height-default\" data-id=\"7ac9ca5\" data-element_type=\"section\" data-settings=\"{&quot;background_background&quot;:&quot;classic&quot;}\">\n\t\t\t\t\t\t\t<div class=\"elementor-background-overlay\"><\/div>\n\t\t\t\t\t\t\t<div class=\"elementor-container elementor-column-gap-default\">\n\t\t\t\t\t<div class=\"elementor-column elementor-col-33 elementor-top-column elementor-element elementor-element-fc40e94\" data-id=\"fc40e94\" data-element_type=\"column\">\n\t\t\t<div class=\"elementor-widget-wrap\">\n\t\t\t\t\t\t\t\t\t<\/div>\n\t\t<\/div>\n\t\t\t\t<div class=\"elementor-column elementor-col-33 elementor-top-column elementor-element elementor-element-90988fe\" data-id=\"90988fe\" data-element_type=\"column\">\n\t\t\t<div class=\"elementor-widget-wrap elementor-element-populated\">\n\t\t\t\t\t\t\t\t<div class=\"elementor-element elementor-element-4a1c612 elementor-widget elementor-widget-heading\" data-id=\"4a1c612\" data-element_type=\"widget\" data-widget_type=\"heading.default\">\n\t\t\t\t<div class=\"elementor-widget-container\">\n\t\t\t<h1 class=\"elementor-heading-title elementor-size-default\">Tipos de laudos<\/h1>\t\t<\/div>\n\t\t\t\t<\/div>\n\t\t\t\t\t<\/div>\n\t\t<\/div>\n\t\t\t\t<div class=\"elementor-column elementor-col-33 elementor-top-column elementor-element elementor-element-919f5c1\" data-id=\"919f5c1\" data-element_type=\"column\">\n\t\t\t<div class=\"elementor-widget-wrap\">\n\t\t\t\t\t\t\t\t\t<\/div>\n\t\t<\/div>\n\t\t\t\t\t\t\t<\/div>\n\t\t<\/section>\n\t\t\t\t<section class=\"elementor-section elementor-top-section elementor-element elementor-element-8262e30 elementor-section-content-middle elementor-section-boxed elementor-section-height-default elementor-section-height-default\" data-id=\"8262e30\" data-element_type=\"section\" data-settings=\"{&quot;background_background&quot;:&quot;classic&quot;}\">\n\t\t\t\t\t\t\t<div class=\"elementor-background-overlay\"><\/div>\n\t\t\t\t\t\t\t<div class=\"elementor-container elementor-column-gap-no\">\n\t\t\t\t\t<div class=\"elementor-column elementor-col-100 elementor-top-column elementor-element elementor-element-da6ae65\" data-id=\"da6ae65\" data-element_type=\"column\">\n\t\t\t<div class=\"elementor-widget-wrap elementor-element-populated\">\n\t\t\t\t\t\t\t\t<div class=\"elementor-element elementor-element-13906dc elementor-widget elementor-widget-heading\" data-id=\"13906dc\" data-element_type=\"widget\" data-widget_type=\"heading.default\">\n\t\t\t\t<div class=\"elementor-widget-container\">\n\t\t\t<h2 class=\"elementor-heading-title elementor-size-default\">Realizamos laudos de avalia\u00e7\u00e3o de bens corp\u00f3reos, tais como:<\/h2>\t\t<\/div>\n\t\t\t\t<\/div>\n\t\t\t\t<div class=\"elementor-element elementor-element-4f73cfb elementor-widget elementor-widget-spacer\" data-id=\"4f73cfb\" data-element_type=\"widget\" data-widget_type=\"spacer.default\">\n\t\t\t\t<div class=\"elementor-widget-container\">\n\t\t\t\t\t<div class=\"elementor-spacer\">\n\t\t\t<div class=\"elementor-spacer-inner\"><\/div>\n\t\t<\/div>\n\t\t\t\t<\/div>\n\t\t\t\t<\/div>\n\t\t\t\t<div class=\"elementor-element elementor-element-9c6a972 elementor-widget elementor-widget-text-editor\" data-id=\"9c6a972\" data-element_type=\"widget\" data-widget_type=\"text-editor.default\">\n\t\t\t\t<div class=\"elementor-widget-container\">\n\t\t\t\t\t<div class=\"elementor-text-editor elementor-clearfix\"><ul><li>LAUDO DE IMOVEIS URBANOS<\/li><li>LAUDO DE M\u00c1QUINAS E EQUIPAMENTOS EM GERAL<\/li><li>LAUDO DE LOCA\u00c7\u00c3O<\/li><li>LAUDO DE IM\u00d3VEIS RURAIS<\/li><li>LAUDO DE AVALIA\u00c7\u00c3O DE EMPRESAS<\/li><li>LAUDO DE INTENG\u00cdVEL<\/li><li>LAUDO DE VIABILIDADE DE EMPREENDIMENTO<\/li><li>LAUDO CONT\u00c1BIL \u2013 CONTROLE AMBIENTAL<\/li><\/ul><\/div>\n\t\t\t\t<\/div>\n\t\t\t\t<\/div>\n\t\t\t\t<div class=\"elementor-element elementor-element-dc11ff2 elementor-widget elementor-widget-text-editor\" data-id=\"dc11ff2\" data-element_type=\"widget\" data-widget_type=\"text-editor.default\">\n\t\t\t\t<div class=\"elementor-widget-container\">\n\t\t\t\t\t<div class=\"elementor-text-editor elementor-clearfix\"><p>Im\u00f3veis<\/p><\/div>\n\t\t\t\t<\/div>\n\t\t\t\t<\/div>\n\t\t\t\t<div class=\"elementor-element elementor-element-6fecb3a elementor-pagination-position-outside elementor-widget elementor-widget-image-carousel\" data-id=\"6fecb3a\" data-element_type=\"widget\" data-settings=\"{&quot;slides_to_show&quot;:&quot;3&quot;,&quot;slides_to_scroll&quot;:&quot;2&quot;,&quot;navigation&quot;:&quot;dots&quot;,&quot;slides_to_show_tablet&quot;:&quot;2&quot;,&quot;slides_to_show_mobile&quot;:&quot;1&quot;,&quot;autoplay&quot;:&quot;no&quot;,&quot;speed&quot;:600,&quot;infinite&quot;:&quot;yes&quot;,&quot;image_spacing_custom&quot;:{&quot;unit&quot;:&quot;px&quot;,&quot;size&quot;:20,&quot;sizes&quot;:[]}}\" data-widget_type=\"image-carousel.default\">\n\t\t\t\t<div class=\"elementor-widget-container\">\n\t\t\t\t\t<div class=\"elementor-image-carousel-wrapper swiper-container\" dir=\"ltr\">\n\t\t\t<div class=\"elementor-image-carousel swiper-wrapper swiper-image-stretch\">\n\t\t\t\t<div class=\"swiper-slide\"><figure class=\"swiper-slide-inner\"><img class=\"swiper-slide-image\" src=\"http:\/\/wnmavaliacoes.com.br\/wp-content\/uploads\/elementor\/thumbs\/01-p402nyprt3jome9r27vbjtyedmeuqxuslw92losvfc.jpg\" alt=\"01\" \/><\/figure><\/div><div class=\"swiper-slide\"><figure class=\"swiper-slide-inner\"><img class=\"swiper-slide-image\" src=\"http:\/\/wnmavaliacoes.com.br\/wp-content\/uploads\/elementor\/thumbs\/projeto_de_equipamentos_e_plantas-p402o0lg6rm99m70r8okothbke5l6c29a5k1k8q32w.jpg\" alt=\"projeto_de_equipamentos_e_plantas\" \/><\/figure><\/div><div class=\"swiper-slide\"><figure class=\"swiper-slide-inner\"><img class=\"swiper-slide-image\" src=\"http:\/\/wnmavaliacoes.com.br\/wp-content\/uploads\/elementor\/thumbs\/1600100663-p402qrai4ddd4o7nqxcegmkpxun4mjy2nq20yanqxk.jpg\" alt=\"1600100663\" \/><\/figure><\/div><div class=\"swiper-slide\"><figure class=\"swiper-slide-inner\"><img class=\"swiper-slide-image\" src=\"http:\/\/wnmavaliacoes.com.br\/wp-content\/uploads\/elementor\/thumbs\/architecture-buildings-factory-247763-p402w9mg6ewv6e7kkt2okqiza5hkqotfqzph7ohogo.jpg\" alt=\"architecture-buildings-factory-247763\" \/><\/figure><\/div><div class=\"swiper-slide\"><figure class=\"swiper-slide-inner\"><img class=\"swiper-slide-image\" src=\"http:\/\/wnmavaliacoes.com.br\/wp-content\/uploads\/elementor\/thumbs\/cubo02-p402wbi4k2zftm4u9tvxpq1wgx8b630wf90g68ew48.jpg\" alt=\"cubo02\" \/><\/figure><\/div><div class=\"swiper-slide\"><figure class=\"swiper-slide-inner\"><img class=\"swiper-slide-image\" src=\"http:\/\/wnmavaliacoes.com.br\/wp-content\/uploads\/elementor\/thumbs\/ee95bdb0cc1477116f3bac72c157d58c-p402wcfyqx0q583h4caka7td2b3ods4mrdnxnidhy0.jpg\" alt=\"ee95bdb0cc1477116f3bac72c157d58c\" \/><\/figure><\/div><div class=\"swiper-slide\"><figure class=\"swiper-slide-inner\"><img class=\"swiper-slide-image\" src=\"http:\/\/wnmavaliacoes.com.br\/wp-content\/uploads\/elementor\/thumbs\/ff304e7727b7782d04e0eecb5b238eb8-scaled-p402wf9hbf4l41zdnvifzp3qugps0vftrrme3c9bfc.jpg\" alt=\"ff304e7727b7782d04e0eecb5b238eb8\" \/><\/figure><\/div>\t\t\t<\/div>\n\t\t\t\t\t\t\t\t\t\t\t\t<div class=\"swiper-pagination\"><\/div>\n\t\t\t\t\t\t\t\t\t\t\t\t\t<\/div>\n\t\t\t\t<\/div>\n\t\t\t\t<\/div>\n\t\t\t\t\t<\/div>\n\t\t<\/div>\n\t\t\t\t\t\t\t<\/div>\n\t\t<\/section>\n\t\t\t\t\t\t<\/div>\n\t\t\t\t\t<\/div>\n\t\t","protected":false},"excerpt":{"rendered":"<p>Tipos de laudos Realizamos laudos de avalia\u00e7\u00e3o de bens corp\u00f3reos, tais como: LAUDO DE IMOVEIS URBANOS LAUDO DE M\u00c1QUINAS E EQUIPAMENTOS EM GERAL LAUDO DE LOCA\u00c7\u00c3O LAUDO DE IM\u00d3VEIS RURAIS LAUDO DE AVALIA\u00c7\u00c3O DE EMPRESAS LAUDO DE INTENG\u00cdVEL LAUDO DE VIABILIDADE DE EMPREENDIMENTO LAUDO CONT\u00c1BIL \u2013 CONTROLE AMBIENTAL Im\u00f3veis<\/p>\n","protected":false},"author":1,"featured_media":0,"parent":0,"menu_order":0,"comment_status":"closed","ping_status":"closed","template":"","meta":[],"_links":{"self":[{"href":"http:\/\/wnmavaliacoes.com.br\/index.php\/wp-json\/wp\/v2\/pages\/543"}],"collection":[{"href":"http:\/\/wnmavaliacoes.com.br\/index.php\/wp-json\/wp\/v2\/pages"}],"about":[{"href":"http:\/\/wnmavaliacoes.com.br\/index.php\/wp-json\/wp\/v2\/types\/page"}],"author":[{"embeddable":true,"href":"http:\/\/wnmavaliacoes.com.br\/index.php\/wp-json\/wp\/v2\/users\/1"}],"replies":[{"embeddable":true,"href":"http:\/\/wnmavaliacoes.com.br\/index.php\/wp-json\/wp\/v2\/comments?post=543"}],"version-history":[{"count":29,"href":"http:\/\/wnmavaliacoes.com.br\/index.php\/wp-json\/wp\/v2\/pages\/543\/revisions"}],"predecessor-version":[{"id":667,"href":"http:\/\/wnmavaliacoes.com.br\/index.php\/wp-json\/wp\/v2\/pages\/543\/revisions\/667"}],"wp:attachment":[{"href":"http:\/\/wnmavaliacoes.com.br\/index.php\/wp-json\/wp\/v2\/media?parent=543"}],"curies":[{"name":"wp","href":"https:\/\/api.w.org\/{rel}","templated":true}]}}